{"id":3507,"date":"2023-02-13T18:55:11","date_gmt":"2023-02-13T17:55:11","guid":{"rendered":"https:\/\/hazarquitectura.com\/proyecto\/reforma-iglesia-escola-pia-balmes\/"},"modified":"2023-09-08T12:14:59","modified_gmt":"2023-09-08T10:14:59","slug":"reforma-esglesia-escola-pia-balmes","status":"publish","type":"avada_portfolio","link":"https:\/\/hazarquitectura.com\/ca\/projecte\/reforma-esglesia-escola-pia-balmes\/","title":{"rendered":"Reforma esgl\u00e9sia Escola Pia Balmes"},"content":{"rendered":"<p>L&#8217;esgl\u00e9sia de la\u00a0Escola\u00a0Pia\u00a0Balmes, \u00e9s un volum arquitect\u00f2nic contingut dins del propi edifici de l&#8217;escola, per\u00f2 amb acc\u00e9s independent des del carrer.<\/p>\n<p>La planta de conjunt, revela la posici\u00f3 estrat\u00e8gica de l&#8217;esgl\u00e9sia dins de l&#8217;edifici. Ocupa la profunditat de la mitgera del xamfr\u00e0 de Balmes-Travessera de Gr\u00e0cia, mostrant la seva pr\u00f2pia fa\u00e7ana neocl\u00e0ssica, buscant un lloc al carrer. La crugia, d&#8217;uns 8,50 metres d&#8217;ample, dona fa\u00e7ana al pati central de tot l&#8217;edifici, on se situen unes vidrieres d&#8217;aire modern, de formig\u00f3 i vidres de colors. El pati no arriba a la planta baixa, quedant l&#8217;esgl\u00e9sia, en una esp\u00e8cie de semisoterrani en foscor respecte a la cota del pati. Aquest fet, sumat a la posici\u00f3 de mitgera de l&#8217;altra fa\u00e7ana llarga, li atorga una notable in\u00e8rcia t\u00e8rmica a l&#8217;espai, sent fresc a l&#8217;estiu i c\u00e0lid a l&#8217;hivern.<\/p>\n<p>La intervenci\u00f3, requeria un espai polivalent que pogu\u00e9s mantenir tamb\u00e9 el seu car\u00e0cter lit\u00fargic per a les misses dels caps de setmana per a la gent del barri. L&#8217;escola t\u00e9 un ambici\u00f3s projecte educatiu amb diferents itineraris curriculars on, la dansa, la m\u00fasica i el teatre, necessiten espais adequats. Disposar d&#8217;acc\u00e9s directe des del carrer, permet celebrar tamb\u00e9 tot tipus d&#8217;actes com a extra-escolars, ioga, concerts o presentacions. El repte va consistir a dissenyar un espai capa\u00e7 de transformar-se i acollir totes aquestes activitats amb solv\u00e8ncia, generant ambients i atmosferes diverses.<\/p>\n<p>L&#8217;obra s&#8217;havia de fer en els dos mesos de vacances d&#8217;estiu i amb un pressupost molt redu\u00eft de 100.000 euros, aix\u00ed que es va decidir revestir l&#8217;espai amb un element de fusta simple i repetitiu que permet\u00e9s abaratir els costos i el nombre d&#8217;industrials necessaris. Diferents encesos de llum donarien escenografies diferents que qualificarien l&#8217;espai de maneres diverses i, la fusta, serviria tant d&#8217;acabat i revestiment de les parets, com de tam\u00eds i reflex de la llum, aportant calidesa. El ritme dels taulons de fusta s&#8217;adapta a les exist\u00e8ncies. Es va buscar un m\u00f2dul capa\u00e7 d&#8217;absorbir les j\u00e0sseres despenjades del sostre, l&#8217;estructura de les vidrieres i els elements verticals de megafonia i so, buscant un m\u00faltiple que s&#8217;an\u00e9s adaptant. En les parets es van simular perspectives per a comprovar una separaci\u00f3 adequada de 18 cm, que permet incloure els altaveus i els ventiladors verticals. Les vidrieres suporten un m\u00f2dul de 2\u00d718 = 36\u202fcm i el sostre 4\u00d718 = 72\u202fcm.<\/p>\n<p>La paret del fons es va pintar simplement de blanc per a aprofitar el rebot de la llum. El\u00a0rastellat\u00a0de les parets suporta, al mateix temps, les tires led de llum i el revestiment de fusta final. Es va triar una temperatura de color c\u00e0lida de 2.800 \u00b0K i una pot\u00e8ncia de 14\u202fW \/ m en parets i 21 W \/ m en sostre per a garantir les diferents necessitats lum\u00edniques.<\/p>\n","protected":false},"excerpt":{"rendered":"<p>L&#8217;esgl\u00e9sia de la\u00a0Escola\u00a0Pia\u00a0Balmes, \u00e9s un volum arquitect\u00f2nic contingut dins del  [&#8230;]<\/p>\n","protected":false},"author":1,"featured_media":3179,"menu_order":0,"comment_status":"closed","ping_status":"closed","template":"","format":"standard","meta":{"_acf_changed":false,"footnotes":""},"portfolio_category":[],"portfolio_skills":[],"portfolio_tags":[],"class_list":["post-3507","avada_portfolio","type-avada_portfolio","status-publish","format-standard","has-post-thumbnail","hentry"],"acf":{"promotor":"Escola Pia de Catalunya","superficie":"210 m2","localizacion":"c\/ Balmes 208, Barcelona","presupuesto":"100.000 \u20ac","fecha":"Setembre 2019","premios":"","galeria":[3187,3182,3188,3180,3178,3175,3191,3196,3197]},"_links":{"self":[{"href":"https:\/\/hazarquitectura.com\/ca\/wp-json\/wp\/v2\/avada_portfolio\/3507","targetHints":{"allow":["GET"]}}],"collection":[{"href":"https:\/\/hazarquitectura.com\/ca\/wp-json\/wp\/v2\/avada_portfolio"}],"about":[{"href":"https:\/\/hazarquitectura.com\/ca\/wp-json\/wp\/v2\/types\/avada_portfolio"}],"author":[{"embeddable":true,"href":"https:\/\/hazarquitectura.com\/ca\/wp-json\/wp\/v2\/users\/1"}],"replies":[{"embeddable":true,"href":"https:\/\/hazarquitectura.com\/ca\/wp-json\/wp\/v2\/comments?post=3507"}],"version-history":[{"count":3,"href":"https:\/\/hazarquitectura.com\/ca\/wp-json\/wp\/v2\/avada_portfolio\/3507\/revisions"}],"predecessor-version":[{"id":3513,"href":"https:\/\/hazarquitectura.com\/ca\/wp-json\/wp\/v2\/avada_portfolio\/3507\/revisions\/3513"}],"acf:attachment":[{"embeddable":true,"href":"https:\/\/hazarquitectura.com\/ca\/wp-json\/wp\/v2\/media\/3197"},{"embeddable":true,"href":"https:\/\/hazarquitectura.com\/ca\/wp-json\/wp\/v2\/media\/3196"},{"embeddable":true,"href":"https:\/\/hazarquitectura.com\/ca\/wp-json\/wp\/v2\/media\/3191"},{"embeddable":true,"href":"https:\/\/hazarquitectura.com\/ca\/wp-json\/wp\/v2\/media\/3175"},{"embeddable":true,"href":"https:\/\/hazarquitectura.com\/ca\/wp-json\/wp\/v2\/media\/3178"},{"embeddable":true,"href":"https:\/\/hazarquitectura.com\/ca\/wp-json\/wp\/v2\/media\/3180"},{"embeddable":true,"href":"https:\/\/hazarquitectura.com\/ca\/wp-json\/wp\/v2\/media\/3188"},{"embeddable":true,"href":"https:\/\/hazarquitectura.com\/ca\/wp-json\/wp\/v2\/media\/3182"},{"embeddable":true,"href":"https:\/\/hazarquitectura.com\/ca\/wp-json\/wp\/v2\/media\/3187"}],"wp:featuredmedia":[{"embeddable":true,"href":"https:\/\/hazarquitectura.com\/ca\/wp-json\/wp\/v2\/media\/3179"}],"wp:attachment":[{"href":"https:\/\/hazarquitectura.com\/ca\/wp-json\/wp\/v2\/media?parent=3507"}],"wp:term":[{"taxonomy":"portfolio_category","embeddable":true,"href":"https:\/\/hazarquitectura.com\/ca\/wp-json\/wp\/v2\/portfolio_category?post=3507"},{"taxonomy":"portfolio_skills","embeddable":true,"href":"https:\/\/hazarquitectura.com\/ca\/wp-json\/wp\/v2\/portfolio_skills?post=3507"},{"taxonomy":"portfolio_tags","embeddable":true,"href":"https:\/\/hazarquitectura.com\/ca\/wp-json\/wp\/v2\/portfolio_tags?post=3507"}],"curies":[{"name":"wp","href":"https:\/\/api.w.org\/{rel}","templated":true}]}}

Reforma església Escola Pia Balmes

<p>L&#8217;església de la Escola Pia Balmes, és un volum arquitectònic contingut dins del propi edifici de l&#8217;escola, però amb accés independent des del carrer.</p>
<p>La planta de conjunt, revela la posició estratègica de l&#8217;església dins de l&#8217;edifici. Ocupa la profunditat de la mitgera del xamfrà de Balmes-Travessera de Gràcia, mostrant la seva pròpia façana neoclàssica, buscant un lloc al carrer. La crugia, d&#8217;uns 8,50 metres d&#8217;ample, dona façana al pati central de tot l&#8217;edifici, on se situen unes vidrieres d&#8217;aire modern, de formigó i vidres de colors. El pati no arriba a la planta baixa, quedant l&#8217;església, en una espècie de semisoterrani en foscor respecte a la cota del pati. Aquest fet, sumat a la posició de mitgera de l&#8217;altra façana llarga, li atorga una notable inèrcia tèrmica a l&#8217;espai, sent fresc a l&#8217;estiu i càlid a l&#8217;hivern.</p>
<p>La intervenció, requeria un espai polivalent que pogués mantenir també el seu caràcter litúrgic per a les misses dels caps de setmana per a la gent del barri. L&#8217;escola té un ambiciós projecte educatiu amb diferents itineraris curriculars on, la dansa, la música i el teatre, necessiten espais adequats. Disposar d&#8217;accés directe des del carrer, permet celebrar també tot tipus d&#8217;actes com a extra-escolars, ioga, concerts o presentacions. El repte va consistir a dissenyar un espai capaç de transformar-se i acollir totes aquestes activitats amb solvència, generant ambients i atmosferes diverses.</p>
<p>L&#8217;obra s&#8217;havia de fer en els dos mesos de vacances d&#8217;estiu i amb un pressupost molt reduït de 100.000 euros, així que es va decidir revestir l&#8217;espai amb un element de fusta simple i repetitiu que permetés abaratir els costos i el nombre d&#8217;industrials necessaris. Diferents encesos de llum donarien escenografies diferents que qualificarien l&#8217;espai de maneres diverses i, la fusta, serviria tant d&#8217;acabat i revestiment de les parets, com de tamís i reflex de la llum, aportant calidesa. El ritme dels taulons de fusta s&#8217;adapta a les existències. Es va buscar un mòdul capaç d&#8217;absorbir les jàsseres despenjades del sostre, l&#8217;estructura de les vidrieres i els elements verticals de megafonia i so, buscant un múltiple que s&#8217;anés adaptant. En les parets es van simular perspectives per a comprovar una separació adequada de 18 cm, que permet incloure els altaveus i els ventiladors verticals. Les vidrieres suporten un mòdul de 2×18 = 36 cm i el sostre 4×18 = 72 cm.</p>
<p>La paret del fons es va pintar simplement de blanc per a aprofitar el rebot de la llum. El rastellat de les parets suporta, al mateix temps, les tires led de llum i el revestiment de fusta final. Es va triar una temperatura de color càlida de 2.800 °K i una potència de 14 W / m en parets i 21 W / m en sostre per a garantir les diferents necessitats lumíniques.</p>

<p>L&#8217;església de la Escola Pia Balmes, és un volum arquitectònic contingut dins del  [&#8230;]</p>
