{"id":3524,"date":"2023-02-14T10:26:05","date_gmt":"2023-02-14T09:26:05","guid":{"rendered":"https:\/\/hazarquitectura.com\/proyecto\/hotel-omnium\/"},"modified":"2023-09-08T12:43:16","modified_gmt":"2023-09-08T10:43:16","slug":"hotel-omnium","status":"publish","type":"avada_portfolio","link":"https:\/\/hazarquitectura.com\/ca\/projecte\/hotel-omnium\/","title":{"rendered":"Hotel Omnium"},"content":{"rendered":"<p><strong>El projecte es basa en l&#8217;adequaci\u00f3 i rehabilitaci\u00f3 de l&#8217;edifici existent en pati interior d\u2019illa (Antiga\u00a0corbatera\u00a0espanyola) i l&#8217;adequaci\u00f3 d&#8217;algunes depend\u00e8ncies de la planta baixa de l&#8217;edifici principal amb fa\u00e7ana al carrer\u00a0Bruc, per a la seva conversi\u00f3 a hotel 3*.<\/strong><\/p>\n<p>L&#8217;actuaci\u00f3 planteja l&#8217;enderrocament de part de l&#8217;edifici interior, reduint la seva volumetria i alliberant espai interior de l\u2019illa, per a donar m\u00e9s lluminositat i ventilaci\u00f3 als nous espais interiors. En l&#8217;edifici principal s&#8217;obre un espai a doble altura en el seu acc\u00e9s. Es rehabiliten les fa\u00e7anes existents de tots dos edificis, i es projecta la nova fa\u00e7ana a pati interior d\u2019illa.<\/p>\n<p>Tots dos edificis es comuniquen a trav\u00e9s d&#8217;un vest\u00edbul d&#8217;independ\u00e8ncia. Es creen nous nuclis verticals per a comunicar totes les plantes i es refor\u00e7a l&#8217;estructura per al nou \u00fas.<\/p>\n","protected":false},"excerpt":{"rendered":"<p>El projecte es basa en l&#8217;adequaci\u00f3 i rehabilitaci\u00f3 de l&#8217;edifici  [&#8230;]<\/p>\n","protected":false},"author":1,"featured_media":3016,"menu_order":2,"comment_status":"open","ping_status":"closed","template":"","format":"standard","meta":{"_acf_changed":false,"footnotes":""},"portfolio_category":[],"portfolio_skills":[],"portfolio_tags":[],"class_list":["post-3524","avada_portfolio","type-avada_portfolio","status-publish","format-standard","has-post-thumbnail","hentry"],"acf":{"promotor":"Comercial Textil Alsaro S.A. ","superficie":"1.101 m2 ","localizacion":"c\/ Bruc 42-44, Barcelona ","presupuesto":"1.350.000 \u20ac PEM ","fecha":"Agost 2015","premios":"","galeria":[3014,3016,3015,3030,3025,3024,3023,3022,3021,3020,3019,3018,3017,3029,3028,3026,3027]},"_links":{"self":[{"href":"https:\/\/hazarquitectura.com\/ca\/wp-json\/wp\/v2\/avada_portfolio\/3524","targetHints":{"allow":["GET"]}}],"collection":[{"href":"https:\/\/hazarquitectura.com\/ca\/wp-json\/wp\/v2\/avada_portfolio"}],"about":[{"href":"https:\/\/hazarquitectura.com\/ca\/wp-json\/wp\/v2\/types\/avada_portfolio"}],"author":[{"embeddable":true,"href":"https:\/\/hazarquitectura.com\/ca\/wp-json\/wp\/v2\/users\/1"}],"replies":[{"embeddable":true,"href":"https:\/\/hazarquitectura.com\/ca\/wp-json\/wp\/v2\/comments?post=3524"}],"version-history":[{"count":3,"href":"https:\/\/hazarquitectura.com\/ca\/wp-json\/wp\/v2\/avada_portfolio\/3524\/revisions"}],"predecessor-version":[{"id":3530,"href":"https:\/\/hazarquitectura.com\/ca\/wp-json\/wp\/v2\/avada_portfolio\/3524\/revisions\/3530"}],"acf:attachment":[{"embeddable":true,"href":"https:\/\/hazarquitectura.com\/ca\/wp-json\/wp\/v2\/media\/3027"},{"embeddable":true,"href":"https:\/\/hazarquitectura.com\/ca\/wp-json\/wp\/v2\/media\/3026"},{"embeddable":true,"href":"https:\/\/hazarquitectura.com\/ca\/wp-json\/wp\/v2\/media\/3028"},{"embeddable":true,"href":"https:\/\/hazarquitectura.com\/ca\/wp-json\/wp\/v2\/media\/3029"},{"embeddable":true,"href":"https:\/\/hazarquitectura.com\/ca\/wp-json\/wp\/v2\/media\/3017"},{"embeddable":true,"href":"https:\/\/hazarquitectura.com\/ca\/wp-json\/wp\/v2\/media\/3018"},{"embeddable":true,"href":"https:\/\/hazarquitectura.com\/ca\/wp-json\/wp\/v2\/media\/3019"},{"embeddable":true,"href":"https:\/\/hazarquitectura.com\/ca\/wp-json\/wp\/v2\/media\/3020"},{"embeddable":true,"href":"https:\/\/hazarquitectura.com\/ca\/wp-json\/wp\/v2\/media\/3021"},{"embeddable":true,"href":"https:\/\/hazarquitectura.com\/ca\/wp-json\/wp\/v2\/media\/3022"},{"embeddable":true,"href":"https:\/\/hazarquitectura.com\/ca\/wp-json\/wp\/v2\/media\/3023"},{"embeddable":true,"href":"https:\/\/hazarquitectura.com\/ca\/wp-json\/wp\/v2\/media\/3024"},{"embeddable":true,"href":"https:\/\/hazarquitectura.com\/ca\/wp-json\/wp\/v2\/media\/3025"},{"embeddable":true,"href":"https:\/\/hazarquitectura.com\/ca\/wp-json\/wp\/v2\/media\/3030"},{"embeddable":true,"href":"https:\/\/hazarquitectura.com\/ca\/wp-json\/wp\/v2\/media\/3015"},{"embeddable":true,"href":"https:\/\/hazarquitectura.com\/ca\/wp-json\/wp\/v2\/media\/3016"},{"embeddable":true,"href":"https:\/\/hazarquitectura.com\/ca\/wp-json\/wp\/v2\/media\/3014"}],"wp:featuredmedia":[{"embeddable":true,"href":"https:\/\/hazarquitectura.com\/ca\/wp-json\/wp\/v2\/media\/3016"}],"wp:attachment":[{"href":"https:\/\/hazarquitectura.com\/ca\/wp-json\/wp\/v2\/media?parent=3524"}],"wp:term":[{"taxonomy":"portfolio_category","embeddable":true,"href":"https:\/\/hazarquitectura.com\/ca\/wp-json\/wp\/v2\/portfolio_category?post=3524"},{"taxonomy":"portfolio_skills","embeddable":true,"href":"https:\/\/hazarquitectura.com\/ca\/wp-json\/wp\/v2\/portfolio_skills?post=3524"},{"taxonomy":"portfolio_tags","embeddable":true,"href":"https:\/\/hazarquitectura.com\/ca\/wp-json\/wp\/v2\/portfolio_tags?post=3524"}],"curies":[{"name":"wp","href":"https:\/\/api.w.org\/{rel}","templated":true}]}}

<p><strong>El projecte es basa en l&#8217;adequació i rehabilitació de l&#8217;edifici existent en pati interior d’illa (Antiga corbatera espanyola) i l&#8217;adequació d&#8217;algunes dependències de la planta baixa de l&#8217;edifici principal amb façana al carrer Bruc, per a la seva conversió a hotel 3*.</strong></p>
<p>L&#8217;actuació planteja l&#8217;enderrocament de part de l&#8217;edifici interior, reduint la seva volumetria i alliberant espai interior de l’illa, per a donar més lluminositat i ventilació als nous espais interiors. En l&#8217;edifici principal s&#8217;obre un espai a doble altura en el seu accés. Es rehabiliten les façanes existents de tots dos edificis, i es projecta la nova façana a pati interior d’illa.</p>
<p>Tots dos edificis es comuniquen a través d&#8217;un vestíbul d&#8217;independència. Es creen nous nuclis verticals per a comunicar totes les plantes i es reforça l&#8217;estructura per al nou ús.</p>

<p>El projecte es basa en l&#8217;adequació i rehabilitació de l&#8217;edifici  [&#8230;]</p>
