{"id":3538,"date":"2023-02-14T10:54:56","date_gmt":"2023-02-14T09:54:56","guid":{"rendered":"https:\/\/hazarquitectura.com\/proyecto\/edificio-via-laietana\/"},"modified":"2023-09-12T11:28:19","modified_gmt":"2023-09-12T09:28:19","slug":"edifici-via-laietana","status":"publish","type":"avada_portfolio","link":"https:\/\/hazarquitectura.com\/ca\/projecte\/edifici-via-laietana\/","title":{"rendered":"Edifici Via Laietana"},"content":{"rendered":"<p>1r Premi Concurs Obert. Rehabilitaci\u00f3 i Adequaci\u00f3 de l&#8217;Edifici Via Laietana 2 per al\u00a0Comissionat\u00a0d\u2019Universitats i revolta.<\/p>\n<p><strong>El projecte contempla l&#8217;adequaci\u00f3 i rehabilitaci\u00f3 de l&#8217;edifici existent. La proposta pret\u00e9n encaixar el programa funcional proporcionat pel\u00a0Comissionat\u00a0d\u2019Universitats i revolta i reformar l&#8217;edifici.<\/strong><\/p>\n<p>Es pret\u00e9n millorar i actualitzar les condicions d&#8217;habitabilitat de l&#8217;edifici, introduint els canvis necessaris per a adaptar-lo a les exig\u00e8ncies de la normativa actual, tot mantenint les seves caracter\u00edstiques edificat\u00f2ries.<\/p>\n<p>En aquest context, l&#8217;encaix del programa funcional es realitza sense alterar la volumetria de l&#8217;edifici, ni les seves fa\u00e7anes, ni la disposici\u00f3 dels seus elements vertebradors i recuperant elements ornamentals singulars.<\/p>\n<p>Els sistemes plantejats per a les seves instal\u00b7lacions, materials de construcci\u00f3, manteniment i efici\u00e8ncia energ\u00e8tica es proposen des de la perspectiva de m\u00e0xima sostenibilitat.<\/p>\n<p>Es proposa baixar el pati interior d&#8217;illa existent fins a la planta soterrani, creant noves obertures a aquest i proporcionant m\u00e9s llum a nivell de cada planta, i adequar el pati-atri central que vertebra l&#8217;edifici fins a coberta per a convertir-lo en un espai temperat, tot recuperant una tradici\u00f3 mediterr\u00e0nia en aquesta mena d&#8217;espais intermedis o de transici\u00f3.<\/p>\n<p>Aquestes dues actuacions, combinades entre si, proporcionen als espais la possibilitat de crear ventilacions creuades naturals fins als exutoris de coberta per a aclimatar l&#8217;edifici i reduir les p\u00e8rdues i guanys energ\u00e8tics amb el conseg\u00fcent estalvi energ\u00e8tic.<\/p>\n","protected":false},"excerpt":{"rendered":"<p>1r Premi Concurs Obert. Rehabilitaci\u00f3 i Adequaci\u00f3 de l&#8217;Edifici Via  [&#8230;]<\/p>\n","protected":false},"author":1,"featured_media":3093,"menu_order":4,"comment_status":"open","ping_status":"closed","template":"","format":"standard","meta":{"_acf_changed":false,"footnotes":""},"portfolio_category":[],"portfolio_skills":[],"portfolio_tags":[],"class_list":["post-3538","avada_portfolio","type-avada_portfolio","status-publish","format-standard","has-post-thumbnail","hentry"],"acf":{"promotor":"Departament d\u2019Innovaci\u00f3, Universitats i Empresa. Generalitat de Catalunya ","superficie":"6.490 m2 ","localizacion":"c\/ Via Laietana 2, Barcelona ","presupuesto":"8.118.000 \u20ac PAC (IVA incl\u00f2s)","fecha":"Febrer 2013","premios":"","galeria":[3092,3094,3093,3088,3090,3091,3089,3095]},"_links":{"self":[{"href":"https:\/\/hazarquitectura.com\/ca\/wp-json\/wp\/v2\/avada_portfolio\/3538","targetHints":{"allow":["GET"]}}],"collection":[{"href":"https:\/\/hazarquitectura.com\/ca\/wp-json\/wp\/v2\/avada_portfolio"}],"about":[{"href":"https:\/\/hazarquitectura.com\/ca\/wp-json\/wp\/v2\/types\/avada_portfolio"}],"author":[{"embeddable":true,"href":"https:\/\/hazarquitectura.com\/ca\/wp-json\/wp\/v2\/users\/1"}],"replies":[{"embeddable":true,"href":"https:\/\/hazarquitectura.com\/ca\/wp-json\/wp\/v2\/comments?post=3538"}],"version-history":[{"count":2,"href":"https:\/\/hazarquitectura.com\/ca\/wp-json\/wp\/v2\/avada_portfolio\/3538\/revisions"}],"predecessor-version":[{"id":3544,"href":"https:\/\/hazarquitectura.com\/ca\/wp-json\/wp\/v2\/avada_portfolio\/3538\/revisions\/3544"}],"acf:attachment":[{"embeddable":true,"href":"https:\/\/hazarquitectura.com\/ca\/wp-json\/wp\/v2\/media\/3095"},{"embeddable":true,"href":"https:\/\/hazarquitectura.com\/ca\/wp-json\/wp\/v2\/media\/3089"},{"embeddable":true,"href":"https:\/\/hazarquitectura.com\/ca\/wp-json\/wp\/v2\/media\/3091"},{"embeddable":true,"href":"https:\/\/hazarquitectura.com\/ca\/wp-json\/wp\/v2\/media\/3090"},{"embeddable":true,"href":"https:\/\/hazarquitectura.com\/ca\/wp-json\/wp\/v2\/media\/3088"},{"embeddable":true,"href":"https:\/\/hazarquitectura.com\/ca\/wp-json\/wp\/v2\/media\/3093"},{"embeddable":true,"href":"https:\/\/hazarquitectura.com\/ca\/wp-json\/wp\/v2\/media\/3094"},{"embeddable":true,"href":"https:\/\/hazarquitectura.com\/ca\/wp-json\/wp\/v2\/media\/3092"}],"wp:featuredmedia":[{"embeddable":true,"href":"https:\/\/hazarquitectura.com\/ca\/wp-json\/wp\/v2\/media\/3093"}],"wp:attachment":[{"href":"https:\/\/hazarquitectura.com\/ca\/wp-json\/wp\/v2\/media?parent=3538"}],"wp:term":[{"taxonomy":"portfolio_category","embeddable":true,"href":"https:\/\/hazarquitectura.com\/ca\/wp-json\/wp\/v2\/portfolio_category?post=3538"},{"taxonomy":"portfolio_skills","embeddable":true,"href":"https:\/\/hazarquitectura.com\/ca\/wp-json\/wp\/v2\/portfolio_skills?post=3538"},{"taxonomy":"portfolio_tags","embeddable":true,"href":"https:\/\/hazarquitectura.com\/ca\/wp-json\/wp\/v2\/portfolio_tags?post=3538"}],"curies":[{"name":"wp","href":"https:\/\/api.w.org\/{rel}","templated":true}]}}

<p>1r Premi Concurs Obert. Rehabilitació i Adequació de l&#8217;Edifici Via Laietana 2 per al Comissionat d’Universitats i revolta.</p>
<p><strong>El projecte contempla l&#8217;adequació i rehabilitació de l&#8217;edifici existent. La proposta pretén encaixar el programa funcional proporcionat pel Comissionat d’Universitats i revolta i reformar l&#8217;edifici.</strong></p>
<p>Es pretén millorar i actualitzar les condicions d&#8217;habitabilitat de l&#8217;edifici, introduint els canvis necessaris per a adaptar-lo a les exigències de la normativa actual, tot mantenint les seves característiques edificatòries.</p>
<p>En aquest context, l&#8217;encaix del programa funcional es realitza sense alterar la volumetria de l&#8217;edifici, ni les seves façanes, ni la disposició dels seus elements vertebradors i recuperant elements ornamentals singulars.</p>
<p>Els sistemes plantejats per a les seves instal·lacions, materials de construcció, manteniment i eficiència energètica es proposen des de la perspectiva de màxima sostenibilitat.</p>
<p>Es proposa baixar el pati interior d&#8217;illa existent fins a la planta soterrani, creant noves obertures a aquest i proporcionant més llum a nivell de cada planta, i adequar el pati-atri central que vertebra l&#8217;edifici fins a coberta per a convertir-lo en un espai temperat, tot recuperant una tradició mediterrània en aquesta mena d&#8217;espais intermedis o de transició.</p>
<p>Aquestes dues actuacions, combinades entre si, proporcionen als espais la possibilitat de crear ventilacions creuades naturals fins als exutoris de coberta per a aclimatar l&#8217;edifici i reduir les pèrdues i guanys energètics amb el consegüent estalvi energètic.</p>

<p>1r Premi Concurs Obert. Rehabilitació i Adequació de l&#8217;Edifici Via  [&#8230;]</p>

Departament d’Innovació, Universitats i Empresa. Generalitat de Catalunya

8.118.000 € PAC (IVA inclòs)
