{"id":3545,"date":"2023-02-14T11:03:14","date_gmt":"2023-02-14T10:03:14","guid":{"rendered":"https:\/\/hazarquitectura.com\/proyecto\/estadi-nacional-futbol-andorra\/"},"modified":"2023-09-12T11:36:20","modified_gmt":"2023-09-12T09:36:20","slug":"estadi-nacional-futbol-andorra","status":"publish","type":"avada_portfolio","link":"https:\/\/hazarquitectura.com\/ca\/projecte\/estadi-nacional-futbol-andorra\/","title":{"rendered":"Estadi Nacional Futbol Andorra"},"content":{"rendered":"<p><strong>1r Premi Internacional\u00a0Estadi\u00a0de\u00a0futbol\u00a0UEFA i Rugbi\u00a0IRB.<\/strong><\/p>\n<p><iframe src=\"https:\/\/player.vimeo.com\/video\/121227264?h=1ece0f6f97\" width=\"100%\" height=\"211\" frameborder=\"0\" allowfullscreen=\"allowfullscreen\"><span data-mce-type=\"bookmark\" style=\"display: inline-block; width: 0px; overflow: hidden; line-height: 0;\" class=\"mce_SELRES_start\">\ufeff<\/span><\/iframe><\/p>\n<p>El nou Estadi Nacional d&#8217;Andorra s&#8217;encaixa en un espai realment estret enfront del riu\u00a0Valira.<\/p>\n<p>Els edificis esportius que ho envolten s\u00f3n molt voluminosos i la resta d&#8217;edificacions que ocupen la muntanya donen un marcat car\u00e0cter vertical i constret al lloc. L&#8217;ampl\u00e0ria del solar \u00e9s de 85 metres i s&#8217;ha de situar un terreny de joc lliure de 130\u00d780 metres.<\/p>\n<p>Amb aquestes premisses es proposa un edifici baix, que no vulgui competir en altura precisament per a destacar, donant-li valor al buit. No obstant aix\u00f2, es proposa cobrir el carrer de servei que separa el camp dels dos pavellons esportius, com a estrat\u00e8gia per a aconseguir situar les graderies de tribuna mirant a llevant. Amb aquesta decisi\u00f3 aconseguim, al mateix temps, reduir perceptivament l&#8217;altura dels dos edificis esportius en uns 4 metres.<\/p>\n<p>Aquesta mateixa plataforma de\u00a0cobriment\u00a0\u00e9s el gran pont-pla\u00e7a sobre el riu\u00a0Valira\u00a0i l&#8217;acc\u00e9s natural del p\u00fablic des de l&#8217;avinguda Salou. Des d&#8217;aquesta cota, baixen sis nivells de graderies fins al terreny de joc envoltant tres costats del camp situant 3.000 espectadors en una primera fase. Aquestes graderies s\u00f3n en realitat una depressi\u00f3 de la gran plataforma d&#8217;acc\u00e9s al camp.<\/p>\n<p>L&#8217;edifici principal de serveis queda sota aquest nivell en l&#8217;extrem oposat al riu, amb acc\u00e9s per la\u00a0Baixada\u00a0del\u00a0Mol\u00ed\u00a0a manera de s\u00f2col de l&#8217;Estadi.<\/p>\n<p>Les fa\u00e7anes principals de l&#8217;Estadi estan en els dos gols nord i sud, i es recolzen sobre la gran plataforma d&#8217;acc\u00e9s. S\u00f3n de vidre transl\u00facid i ocupen un gruix d&#8217;un metre permetent situar en el seu interior unes graderies retr\u00e0ctils que possibiliten ampliar l&#8217;aforament de l&#8217;Estadi en 1.850 persones m\u00e9s, fent un total de 4.850 espectadors asseguts entre les dues fases. Aquestes graderies retr\u00e0ctils, allotjades al gruix de la fa\u00e7ana, pretenen que l&#8217;edifici no alteri el seu volum ni la seva pres\u00e8ncia urbana quan hagi de fer-se l&#8217;ampliaci\u00f3 per a la segona fase i, al mateix temps, aconsegueixen que l&#8217;Estadi no es vegi massa buit en un aforament quotidi\u00e0 m\u00e9s normal, al voltant d&#8217;unes dues mil persones.<\/p>\n<p>La imatge del nou estadi es mostra com una caixa lluminosa, on es pot projectar imatges i text amb tecnologia LED, amb la coberta separada per una franja d&#8217;un metre, la qual cosa dona una lleugeresa i transpar\u00e8ncia que, de nou, vol explotar les virtuts de l&#8217;espai buit, tan mancat en la zona. En les quatre cantonades s&#8217;alcen les pantalles d&#8217;il\u00b7luminaci\u00f3 que travessen la coberta i fan un gest a dalt per a dirigir la llum al camp.<\/p>\n<p>Donat el car\u00e0cter vertical de l&#8217;entorn, la coberta es projecta com una fa\u00e7ana m\u00e9s. Es tracta d&#8217;un pla continu d&#8217;un metre de gruix, com les fa\u00e7anes, amb un acabat superior de vidre laminat amb c\u00e8l\u00b7lules fotovoltaiques integrades, que aportaran una energia de 250.000 kW \/ any, equivalent a la despesa anual de 100 habitatges. L&#8217;aigua de pluja es condueix a un dip\u00f2sit situat baix graderies per a aprofitament per a reg i cisternes. Aquestes mesures permeten aconseguir la qualificaci\u00f3 oficial (nearZEBuildings\u00a0\u2013 edificis pr\u00f2xims a energia zero).<\/p>\n","protected":false},"excerpt":{"rendered":"<p>1r Premi Internacional\u00a0Estadi\u00a0de\u00a0futbol\u00a0UEFA i Rugbi\u00a0IRB. \ufeff El nou Estadi Nacional  [&#8230;]<\/p>\n","protected":false},"author":1,"featured_media":2999,"menu_order":5,"comment_status":"open","ping_status":"closed","template":"","format":"standard","meta":{"_acf_changed":false,"footnotes":""},"portfolio_category":[],"portfolio_skills":[],"portfolio_tags":[],"class_list":["post-3545","avada_portfolio","type-avada_portfolio","status-publish","format-standard","has-post-thumbnail","hentry"],"acf":{"promotor":"Govern d\u2019Andorra. Ministeri d\u2019Economia i Territori. ","superficie":"4.987 m2 ","localizacion":"Camp del Consell General. Andorra la Vella ","presupuesto":"7.600.000 \u20ac (fase 1+2) ","fecha":"Maig 2012","premios":"","galeria":[2992,3003,3002,3001,2999,2998,3000,2997,2996,2995,2994,2993,2991,3004,2990,2989,2988,2987,2981,2986,2984,2985,2983]},"_links":{"self":[{"href":"https:\/\/hazarquitectura.com\/ca\/wp-json\/wp\/v2\/avada_portfolio\/3545","targetHints":{"allow":["GET"]}}],"collection":[{"href":"https:\/\/hazarquitectura.com\/ca\/wp-json\/wp\/v2\/avada_portfolio"}],"about":[{"href":"https:\/\/hazarquitectura.com\/ca\/wp-json\/wp\/v2\/types\/avada_portfolio"}],"author":[{"embeddable":true,"href":"https:\/\/hazarquitectura.com\/ca\/wp-json\/wp\/v2\/users\/1"}],"replies":[{"embeddable":true,"href":"https:\/\/hazarquitectura.com\/ca\/wp-json\/wp\/v2\/comments?post=3545"}],"version-history":[{"count":2,"href":"https:\/\/hazarquitectura.com\/ca\/wp-json\/wp\/v2\/avada_portfolio\/3545\/revisions"}],"predecessor-version":[{"id":3548,"href":"https:\/\/hazarquitectura.com\/ca\/wp-json\/wp\/v2\/avada_portfolio\/3545\/revisions\/3548"}],"acf:attachment":[{"embeddable":true,"href":"https:\/\/hazarquitectura.com\/ca\/wp-json\/wp\/v2\/media\/2983"},{"embeddable":true,"href":"https:\/\/hazarquitectura.com\/ca\/wp-json\/wp\/v2\/media\/2985"},{"embeddable":true,"href":"https:\/\/hazarquitectura.com\/ca\/wp-json\/wp\/v2\/media\/2984"},{"embeddable":true,"href":"https:\/\/hazarquitectura.com\/ca\/wp-json\/wp\/v2\/media\/2986"},{"embeddable":true,"href":"https:\/\/hazarquitectura.com\/ca\/wp-json\/wp\/v2\/media\/2981"},{"embeddable":true,"href":"https:\/\/hazarquitectura.com\/ca\/wp-json\/wp\/v2\/media\/2987"},{"embeddable":true,"href":"https:\/\/hazarquitectura.com\/ca\/wp-json\/wp\/v2\/media\/2988"},{"embeddable":true,"href":"https:\/\/hazarquitectura.com\/ca\/wp-json\/wp\/v2\/media\/2989"},{"embeddable":true,"href":"https:\/\/hazarquitectura.com\/ca\/wp-json\/wp\/v2\/media\/2990"},{"embeddable":true,"href":"https:\/\/hazarquitectura.com\/ca\/wp-json\/wp\/v2\/media\/3004"},{"embeddable":true,"href":"https:\/\/hazarquitectura.com\/ca\/wp-json\/wp\/v2\/media\/2991"},{"embeddable":true,"href":"https:\/\/hazarquitectura.com\/ca\/wp-json\/wp\/v2\/media\/2993"},{"embeddable":true,"href":"https:\/\/hazarquitectura.com\/ca\/wp-json\/wp\/v2\/media\/2994"},{"embeddable":true,"href":"https:\/\/hazarquitectura.com\/ca\/wp-json\/wp\/v2\/media\/2995"},{"embeddable":true,"href":"https:\/\/hazarquitectura.com\/ca\/wp-json\/wp\/v2\/media\/2996"},{"embeddable":true,"href":"https:\/\/hazarquitectura.com\/ca\/wp-json\/wp\/v2\/media\/2997"},{"embeddable":true,"href":"https:\/\/hazarquitectura.com\/ca\/wp-json\/wp\/v2\/media\/3000"},{"embeddable":true,"href":"https:\/\/hazarquitectura.com\/ca\/wp-json\/wp\/v2\/media\/2998"},{"embeddable":true,"href":"https:\/\/hazarquitectura.com\/ca\/wp-json\/wp\/v2\/media\/2999"},{"embeddable":true,"href":"https:\/\/hazarquitectura.com\/ca\/wp-json\/wp\/v2\/media\/3001"},{"embeddable":true,"href":"https:\/\/hazarquitectura.com\/ca\/wp-json\/wp\/v2\/media\/3002"},{"embeddable":true,"href":"https:\/\/hazarquitectura.com\/ca\/wp-json\/wp\/v2\/media\/3003"},{"embeddable":true,"href":"https:\/\/hazarquitectura.com\/ca\/wp-json\/wp\/v2\/media\/2992"}],"wp:featuredmedia":[{"embeddable":true,"href":"https:\/\/hazarquitectura.com\/ca\/wp-json\/wp\/v2\/media\/2999"}],"wp:attachment":[{"href":"https:\/\/hazarquitectura.com\/ca\/wp-json\/wp\/v2\/media?parent=3545"}],"wp:term":[{"taxonomy":"portfolio_category","embeddable":true,"href":"https:\/\/hazarquitectura.com\/ca\/wp-json\/wp\/v2\/portfolio_category?post=3545"},{"taxonomy":"portfolio_skills","embeddable":true,"href":"https:\/\/hazarquitectura.com\/ca\/wp-json\/wp\/v2\/portfolio_skills?post=3545"},{"taxonomy":"portfolio_tags","embeddable":true,"href":"https:\/\/hazarquitectura.com\/ca\/wp-json\/wp\/v2\/portfolio_tags?post=3545"}],"curies":[{"name":"wp","href":"https:\/\/api.w.org\/{rel}","templated":true}]}}

<p><strong>1r Premi Internacional Estadi de futbol UEFA i Rugbi IRB.</strong></p>
<p><iframe src="https://player.vimeo.com/video/121227264?h=1ece0f6f97" width="100%" height="211" frameborder="0" allowfullscreen="allowfullscreen"><span data-mce-type="bookmark" style="display: inline-block; width: 0px; overflow: hidden; line-height: 0;" class="mce_SELRES_start">﻿</span></iframe></p>
<p>El nou Estadi Nacional d&#8217;Andorra s&#8217;encaixa en un espai realment estret enfront del riu Valira.</p>
<p>Els edificis esportius que ho envolten són molt voluminosos i la resta d&#8217;edificacions que ocupen la muntanya donen un marcat caràcter vertical i constret al lloc. L&#8217;amplària del solar és de 85 metres i s&#8217;ha de situar un terreny de joc lliure de 130×80 metres.</p>
<p>Amb aquestes premisses es proposa un edifici baix, que no vulgui competir en altura precisament per a destacar, donant-li valor al buit. No obstant això, es proposa cobrir el carrer de servei que separa el camp dels dos pavellons esportius, com a estratègia per a aconseguir situar les graderies de tribuna mirant a llevant. Amb aquesta decisió aconseguim, al mateix temps, reduir perceptivament l&#8217;altura dels dos edificis esportius en uns 4 metres.</p>
<p>Aquesta mateixa plataforma de cobriment és el gran pont-plaça sobre el riu Valira i l&#8217;accés natural del públic des de l&#8217;avinguda Salou. Des d&#8217;aquesta cota, baixen sis nivells de graderies fins al terreny de joc envoltant tres costats del camp situant 3.000 espectadors en una primera fase. Aquestes graderies són en realitat una depressió de la gran plataforma d&#8217;accés al camp.</p>
<p>L&#8217;edifici principal de serveis queda sota aquest nivell en l&#8217;extrem oposat al riu, amb accés per la Baixada del Molí a manera de sòcol de l&#8217;Estadi.</p>
<p>Les façanes principals de l&#8217;Estadi estan en els dos gols nord i sud, i es recolzen sobre la gran plataforma d&#8217;accés. Són de vidre translúcid i ocupen un gruix d&#8217;un metre permetent situar en el seu interior unes graderies retràctils que possibiliten ampliar l&#8217;aforament de l&#8217;Estadi en 1.850 persones més, fent un total de 4.850 espectadors asseguts entre les dues fases. Aquestes graderies retràctils, allotjades al gruix de la façana, pretenen que l&#8217;edifici no alteri el seu volum ni la seva presència urbana quan hagi de fer-se l&#8217;ampliació per a la segona fase i, al mateix temps, aconsegueixen que l&#8217;Estadi no es vegi massa buit en un aforament quotidià més normal, al voltant d&#8217;unes dues mil persones.</p>
<p>La imatge del nou estadi es mostra com una caixa lluminosa, on es pot projectar imatges i text amb tecnologia LED, amb la coberta separada per una franja d&#8217;un metre, la qual cosa dona una lleugeresa i transparència que, de nou, vol explotar les virtuts de l&#8217;espai buit, tan mancat en la zona. En les quatre cantonades s&#8217;alcen les pantalles d&#8217;il·luminació que travessen la coberta i fan un gest a dalt per a dirigir la llum al camp.</p>
<p>Donat el caràcter vertical de l&#8217;entorn, la coberta es projecta com una façana més. Es tracta d&#8217;un pla continu d&#8217;un metre de gruix, com les façanes, amb un acabat superior de vidre laminat amb cèl·lules fotovoltaiques integrades, que aportaran una energia de 250.000 kW / any, equivalent a la despesa anual de 100 habitatges. L&#8217;aigua de pluja es condueix a un dipòsit situat baix graderies per a aprofitament per a reg i cisternes. Aquestes mesures permeten aconseguir la qualificació oficial (nearZEBuildings – edificis pròxims a energia zero).</p>
