{"id":3551,"date":"2023-02-14T11:13:28","date_gmt":"2023-02-14T10:13:28","guid":{"rendered":"https:\/\/hazarquitectura.com\/proyecto\/reforma-infantil-escola-pia-balmes\/"},"modified":"2023-09-12T11:38:49","modified_gmt":"2023-09-12T09:38:49","slug":"reforma-infantil-escola-pia-balmes","status":"publish","type":"avada_portfolio","link":"https:\/\/hazarquitectura.com\/ca\/projecte\/reforma-infantil-escola-pia-balmes\/","title":{"rendered":"Reforma Infantil Escola Pia Balmes"},"content":{"rendered":"<p><strong>Reforma i adequaci\u00f3 de l&#8217;\u00e0rea d&#8217;Educaci\u00f3 Infantil de la\u00a0Escola\u00a0Pia\u00a0Balmes, al carrer Balmes 208 de Barcelona.<\/strong> Es planteja una rehabilitaci\u00f3 per fases, amb la finalitat de no interferir en el per\u00edode docent.<\/p>\n<p>L&#8217;Escola pret\u00e9n abordar una nova manera d&#8217;ensenyar, fomentant l&#8217;aprenentatge a partir de l&#8217;inter\u00e8s com\u00fa dels alumnes en uns objectius concrets a aconseguir, treballant per projectes.<\/p>\n<p>Aquesta necessitat comen\u00e7a pel replanteig de l&#8217;arquitectura contenidora.<\/p>\n<p>S\u00f3n necessaris espais m\u00e9s vers\u00e0tils,\u00a0conectables\u00a0entre si. Les zones de pas s&#8217;amplien i es vinculen visualment amb les \u00abaules\u00bb, permetent als alumnes apropiar-se de qualsevol espai, convertint-lo en un possible lloc d&#8217;aprenentatge i de reuni\u00f3.<\/p>\n<p>Es recupera la configuraci\u00f3 original de l&#8217;edifici, desdibuixada i ocupada per diverses aules i despatxos, i es recupera l&#8217;organitzaci\u00f3 al voltant del pati central.<\/p>\n<p>L&#8217;estrat\u00e8gia va ser recuperar el sentit inicial de l&#8217;edifici, els seus elements estructuradors, pati, passadissos i aules, i dotar-los de la versatilitat i flexibilitat que no tenien originalment. La circulaci\u00f3 al voltant del pati es recupera i es vincula a les aules posteriors, d&#8217;interior d\u2019illa, per a donar-los m\u00e9s llum i ventilaci\u00f3.<a href=\"https:\/\/hazarquitectura.com\/wp-content\/uploads\/2018\/01\/P9120160-scaled.jpg\"><br \/>\n<\/a><\/p>\n","protected":false},"excerpt":{"rendered":"<p>Reforma i adequaci\u00f3 de l&#8217;\u00e0rea d&#8217;Educaci\u00f3 Infantil de la\u00a0Escola\u00a0Pia\u00a0Balmes, al  [&#8230;]<\/p>\n","protected":false},"author":1,"featured_media":3081,"menu_order":6,"comment_status":"open","ping_status":"closed","template":"","format":"standard","meta":{"_acf_changed":false,"footnotes":""},"portfolio_category":[],"portfolio_skills":[],"portfolio_tags":[],"class_list":["post-3551","avada_portfolio","type-avada_portfolio","status-publish","format-standard","has-post-thumbnail","hentry"],"acf":{"promotor":"Escola Pia de Catalunya ","superficie":"6.366 m2 (fase 1 y 2  1.375 m2 ) ","localizacion":"c\/ Balmes 208, Barcelona ","presupuesto":"2.585.000 \u20ac (fase 1 i 2 585.000 \u20ac)","fecha":"Setembre 2016 (fase 1) \/ Setembre 2017 (fase 2)","premios":"","galeria":[3082,3087,3086,3085,3084,3083,3081,3080]},"_links":{"self":[{"href":"https:\/\/hazarquitectura.com\/ca\/wp-json\/wp\/v2\/avada_portfolio\/3551","targetHints":{"allow":["GET"]}}],"collection":[{"href":"https:\/\/hazarquitectura.com\/ca\/wp-json\/wp\/v2\/avada_portfolio"}],"about":[{"href":"https:\/\/hazarquitectura.com\/ca\/wp-json\/wp\/v2\/types\/avada_portfolio"}],"author":[{"embeddable":true,"href":"https:\/\/hazarquitectura.com\/ca\/wp-json\/wp\/v2\/users\/1"}],"replies":[{"embeddable":true,"href":"https:\/\/hazarquitectura.com\/ca\/wp-json\/wp\/v2\/comments?post=3551"}],"version-history":[{"count":2,"href":"https:\/\/hazarquitectura.com\/ca\/wp-json\/wp\/v2\/avada_portfolio\/3551\/revisions"}],"predecessor-version":[{"id":3554,"href":"https:\/\/hazarquitectura.com\/ca\/wp-json\/wp\/v2\/avada_portfolio\/3551\/revisions\/3554"}],"acf:attachment":[{"embeddable":true,"href":"https:\/\/hazarquitectura.com\/ca\/wp-json\/wp\/v2\/media\/3080"},{"embeddable":true,"href":"https:\/\/hazarquitectura.com\/ca\/wp-json\/wp\/v2\/media\/3081"},{"embeddable":true,"href":"https:\/\/hazarquitectura.com\/ca\/wp-json\/wp\/v2\/media\/3083"},{"embeddable":true,"href":"https:\/\/hazarquitectura.com\/ca\/wp-json\/wp\/v2\/media\/3084"},{"embeddable":true,"href":"https:\/\/hazarquitectura.com\/ca\/wp-json\/wp\/v2\/media\/3085"},{"embeddable":true,"href":"https:\/\/hazarquitectura.com\/ca\/wp-json\/wp\/v2\/media\/3086"},{"embeddable":true,"href":"https:\/\/hazarquitectura.com\/ca\/wp-json\/wp\/v2\/media\/3087"},{"embeddable":true,"href":"https:\/\/hazarquitectura.com\/ca\/wp-json\/wp\/v2\/media\/3082"}],"wp:featuredmedia":[{"embeddable":true,"href":"https:\/\/hazarquitectura.com\/ca\/wp-json\/wp\/v2\/media\/3081"}],"wp:attachment":[{"href":"https:\/\/hazarquitectura.com\/ca\/wp-json\/wp\/v2\/media?parent=3551"}],"wp:term":[{"taxonomy":"portfolio_category","embeddable":true,"href":"https:\/\/hazarquitectura.com\/ca\/wp-json\/wp\/v2\/portfolio_category?post=3551"},{"taxonomy":"portfolio_skills","embeddable":true,"href":"https:\/\/hazarquitectura.com\/ca\/wp-json\/wp\/v2\/portfolio_skills?post=3551"},{"taxonomy":"portfolio_tags","embeddable":true,"href":"https:\/\/hazarquitectura.com\/ca\/wp-json\/wp\/v2\/portfolio_tags?post=3551"}],"curies":[{"name":"wp","href":"https:\/\/api.w.org\/{rel}","templated":true}]}}

<p><strong>Reforma i adequació de l&#8217;àrea d&#8217;Educació Infantil de la Escola Pia Balmes, al carrer Balmes 208 de Barcelona.</strong> Es planteja una rehabilitació per fases, amb la finalitat de no interferir en el període docent.</p>
<p>L&#8217;Escola pretén abordar una nova manera d&#8217;ensenyar, fomentant l&#8217;aprenentatge a partir de l&#8217;interès comú dels alumnes en uns objectius concrets a aconseguir, treballant per projectes.</p>
<p>Aquesta necessitat comença pel replanteig de l&#8217;arquitectura contenidora.</p>
<p>Són necessaris espais més versàtils, conectables entre si. Les zones de pas s&#8217;amplien i es vinculen visualment amb les «aules», permetent als alumnes apropiar-se de qualsevol espai, convertint-lo en un possible lloc d&#8217;aprenentatge i de reunió.</p>
<p>Es recupera la configuració original de l&#8217;edifici, desdibuixada i ocupada per diverses aules i despatxos, i es recupera l&#8217;organització al voltant del pati central.</p>
<p>L&#8217;estratègia va ser recuperar el sentit inicial de l&#8217;edifici, els seus elements estructuradors, pati, passadissos i aules, i dotar-los de la versatilitat i flexibilitat que no tenien originalment. La circulació al voltant del pati es recupera i es vincula a les aules posteriors, d&#8217;interior d’illa, per a donar-los més llum i ventilació.<a href="https://hazarquitectura.com/wp-content/uploads/2018/01/P9120160-scaled.jpg"><br />
</a></p>

<p>Reforma i adequació de l&#8217;àrea d&#8217;Educació Infantil de la Escola Pia Balmes, al  [&#8230;]</p>
