{"id":3557,"date":"2023-02-14T11:19:02","date_gmt":"2023-02-14T10:19:02","guid":{"rendered":"https:\/\/hazarquitectura.com\/proyecto\/torrent-den-vidalet\/"},"modified":"2025-01-08T11:46:33","modified_gmt":"2025-01-08T10:46:33","slug":"torrent-den-vidalet","status":"publish","type":"avada_portfolio","link":"https:\/\/hazarquitectura.com\/ca\/projecte\/torrent-den-vidalet\/","title":{"rendered":"Torrent d\u2019en Vidalet"},"content":{"rendered":"<p><strong>Rehabilitaci\u00f3 d&#8217;un edifici constru\u00eft en 1918, de planta baixa i 2 pisos, situat al carrer Torrent d\u2019en\u00a0Vidalet\u00a082 de Barcelona. L&#8217;edifici se situa en una parcel\u00b7la rectangular entre mitgeres.<\/strong><\/p>\n<p>La rehabilitaci\u00f3 planteja la recuperaci\u00f3 de la fa\u00e7ana original i l&#8217;enderrocament del volum afegit posteriorment en planta baixa, per a l&#8217;obertura d&#8217;un gran pati. Es construeix una planta sota coberta que aprofita les 2 grans terrasses de coberta.<\/p>\n<p>Les plantes es comuniquen per mitj\u00e0 d&#8217;un ascensor i una escala de nova creaci\u00f3, que se situa en la mateixa posici\u00f3 de l&#8217;existent.<\/p>\n<p>Es recupera l&#8217;estructura de bigues de fusta i s&#8217;obre un espai a tota l&#8217;altura en el vest\u00edbul d&#8217;acc\u00e9s a l&#8217;habitatge.<\/p>\n<p>Fotografies \u00a9 Jos\u00e9 Hevia.<\/p>\n","protected":false},"excerpt":{"rendered":"<p>Rehabilitaci\u00f3 d&#8217;un edifici constru\u00eft en 1918, de planta baixa i  [&#8230;]<\/p>\n","protected":false},"author":1,"featured_media":3956,"menu_order":7,"comment_status":"open","ping_status":"closed","template":"","format":"standard","meta":{"_acf_changed":false,"footnotes":""},"portfolio_category":[],"portfolio_skills":[],"portfolio_tags":[],"class_list":["post-3557","avada_portfolio","type-avada_portfolio","status-publish","format-standard","has-post-thumbnail","hentry"],"acf":{"promotor":"M. Marles, JM. Reina ","superficie":"195 m2 ","localizacion":"c\/ Torrent d\u2019en Vidalet 82, Barcelona ","presupuesto":"348.480 \u20ac ","fecha":"Gener 2017","premios":"","galeria":[3920,3923,3926,3929,3932,3935,3938,3941,3944,3947,3950,3953,3956,3959,3963,3966,3969,3972]},"_links":{"self":[{"href":"https:\/\/hazarquitectura.com\/ca\/wp-json\/wp\/v2\/avada_portfolio\/3557","targetHints":{"allow":["GET"]}}],"collection":[{"href":"https:\/\/hazarquitectura.com\/ca\/wp-json\/wp\/v2\/avada_portfolio"}],"about":[{"href":"https:\/\/hazarquitectura.com\/ca\/wp-json\/wp\/v2\/types\/avada_portfolio"}],"author":[{"embeddable":true,"href":"https:\/\/hazarquitectura.com\/ca\/wp-json\/wp\/v2\/users\/1"}],"replies":[{"embeddable":true,"href":"https:\/\/hazarquitectura.com\/ca\/wp-json\/wp\/v2\/comments?post=3557"}],"version-history":[{"count":3,"href":"https:\/\/hazarquitectura.com\/ca\/wp-json\/wp\/v2\/avada_portfolio\/3557\/revisions"}],"predecessor-version":[{"id":3918,"href":"https:\/\/hazarquitectura.com\/ca\/wp-json\/wp\/v2\/avada_portfolio\/3557\/revisions\/3918"}],"acf:attachment":[{"embeddable":true,"href":"https:\/\/hazarquitectura.com\/ca\/wp-json\/wp\/v2\/media\/3972"},{"embeddable":true,"href":"https:\/\/hazarquitectura.com\/ca\/wp-json\/wp\/v2\/media\/3969"},{"embeddable":true,"href":"https:\/\/hazarquitectura.com\/ca\/wp-json\/wp\/v2\/media\/3966"},{"embeddable":true,"href":"https:\/\/hazarquitectura.com\/ca\/wp-json\/wp\/v2\/media\/3963"},{"embeddable":true,"href":"https:\/\/hazarquitectura.com\/ca\/wp-json\/wp\/v2\/media\/3959"},{"embeddable":true,"href":"https:\/\/hazarquitectura.com\/ca\/wp-json\/wp\/v2\/media\/3956"},{"embeddable":true,"href":"https:\/\/hazarquitectura.com\/ca\/wp-json\/wp\/v2\/media\/3953"},{"embeddable":true,"href":"https:\/\/hazarquitectura.com\/ca\/wp-json\/wp\/v2\/media\/3950"},{"embeddable":true,"href":"https:\/\/hazarquitectura.com\/ca\/wp-json\/wp\/v2\/media\/3947"},{"embeddable":true,"href":"https:\/\/hazarquitectura.com\/ca\/wp-json\/wp\/v2\/media\/3944"},{"embeddable":true,"href":"https:\/\/hazarquitectura.com\/ca\/wp-json\/wp\/v2\/media\/3941"},{"embeddable":true,"href":"https:\/\/hazarquitectura.com\/ca\/wp-json\/wp\/v2\/media\/3938"},{"embeddable":true,"href":"https:\/\/hazarquitectura.com\/ca\/wp-json\/wp\/v2\/media\/3935"},{"embeddable":true,"href":"https:\/\/hazarquitectura.com\/ca\/wp-json\/wp\/v2\/media\/3932"},{"embeddable":true,"href":"https:\/\/hazarquitectura.com\/ca\/wp-json\/wp\/v2\/media\/3929"},{"embeddable":true,"href":"https:\/\/hazarquitectura.com\/ca\/wp-json\/wp\/v2\/media\/3926"},{"embeddable":true,"href":"https:\/\/hazarquitectura.com\/ca\/wp-json\/wp\/v2\/media\/3923"},{"embeddable":true,"href":"https:\/\/hazarquitectura.com\/ca\/wp-json\/wp\/v2\/media\/3920"}],"wp:featuredmedia":[{"embeddable":true,"href":"https:\/\/hazarquitectura.com\/ca\/wp-json\/wp\/v2\/media\/3956"}],"wp:attachment":[{"href":"https:\/\/hazarquitectura.com\/ca\/wp-json\/wp\/v2\/media?parent=3557"}],"wp:term":[{"taxonomy":"portfolio_category","embeddable":true,"href":"https:\/\/hazarquitectura.com\/ca\/wp-json\/wp\/v2\/portfolio_category?post=3557"},{"taxonomy":"portfolio_skills","embeddable":true,"href":"https:\/\/hazarquitectura.com\/ca\/wp-json\/wp\/v2\/portfolio_skills?post=3557"},{"taxonomy":"portfolio_tags","embeddable":true,"href":"https:\/\/hazarquitectura.com\/ca\/wp-json\/wp\/v2\/portfolio_tags?post=3557"}],"curies":[{"name":"wp","href":"https:\/\/api.w.org\/{rel}","templated":true}]}}

<p><strong>Rehabilitació d&#8217;un edifici construït en 1918, de planta baixa i 2 pisos, situat al carrer Torrent d’en Vidalet 82 de Barcelona. L&#8217;edifici se situa en una parcel·la rectangular entre mitgeres.</strong></p>
<p>La rehabilitació planteja la recuperació de la façana original i l&#8217;enderrocament del volum afegit posteriorment en planta baixa, per a l&#8217;obertura d&#8217;un gran pati. Es construeix una planta sota coberta que aprofita les 2 grans terrasses de coberta.</p>
<p>Les plantes es comuniquen per mitjà d&#8217;un ascensor i una escala de nova creació, que se situa en la mateixa posició de l&#8217;existent.</p>
<p>Es recupera l&#8217;estructura de bigues de fusta i s&#8217;obre un espai a tota l&#8217;altura en el vestíbul d&#8217;accés a l&#8217;habitatge.</p>
<p>Fotografies © José Hevia.</p>

<p>Rehabilitació d&#8217;un edifici construït en 1918, de planta baixa i  [&#8230;]</p>
